{"id":123,"date":"2021-06-28T11:56:44","date_gmt":"2021-06-28T09:56:44","guid":{"rendered":"https:\/\/dev.orchid-thai-house.de\/?page_id=123"},"modified":"2021-06-28T11:56:47","modified_gmt":"2021-06-28T09:56:47","slug":"partyservice","status":"publish","type":"page","link":"https:\/\/orchid-thai-house.de\/?page_id=123","title":{"rendered":"Partyservice"},"content":{"rendered":"\n<p>F\u00fcr Ihre festlichen Anl\u00e4sse zu Hause (ab 10 Personen) liefern wir Ihnen auch gerne unsere<br>Gerichte in speziellen Warmhaltebeh\u00e4ltern (Chafing-Dish)<br>nach Absprache frei Haus!<\/p>\n\n\n\n<p>Sprechen Sie uns bei Interesse dazu einfach an oder kontaktieren<br>Sie uns per Telefon unter +49 5361 837880<\/p>\n","protected":false},"excerpt":{"rendered":"<p>F\u00fcr Ihre festlichen Anl\u00e4sse zu Hause (ab 10 Personen) liefern wir Ihnen auch gerne unsereGerichte in speziellen Warmhaltebeh\u00e4ltern (Chafing-Dish)nach Absprache frei Haus! [&hellip;]<\/p>\n","protected":false},"author":3,"featured_media":0,"parent":0,"menu_order":0,"comment_status":"closed","ping_status":"closed","template":"","meta":{"footnotes":""},"class_list":["post-123","page","type-page","status-publish","hentry"],"_links":{"self":[{"href":"https:\/\/orchid-thai-house.de\/index.php?rest_route=\/wp\/v2\/pages\/123","targetHints":{"allow":["GET"]}}],"collection":[{"href":"https:\/\/orchid-thai-house.de\/index.php?rest_route=\/wp\/v2\/pages"}],"about":[{"href":"https:\/\/orchid-thai-house.de\/index.php?rest_route=\/wp\/v2\/types\/page"}],"author":[{"embeddable":true,"href":"https:\/\/orchid-thai-house.de\/index.php?rest_route=\/wp\/v2\/users\/3"}],"replies":[{"embeddable":true,"href":"https:\/\/orchid-thai-house.de\/index.php?rest_route=%2Fwp%2Fv2%2Fcomments&post=123"}],"version-history":[{"count":1,"href":"https:\/\/orchid-thai-house.de\/index.php?rest_route=\/wp\/v2\/pages\/123\/revisions"}],"predecessor-version":[{"id":124,"href":"https:\/\/orchid-thai-house.de\/index.php?rest_route=\/wp\/v2\/pages\/123\/revisions\/124"}],"wp:attachment":[{"href":"https:\/\/orchid-thai-house.de\/index.php?rest_route=%2Fwp%2Fv2%2Fmedia&parent=123"}],"curies":[{"name":"wp","href":"https:\/\/api.w.org\/{rel}","templated":true}]}}